t is 2001210 (base 3) in base 10?
1506
Convert 201233 (base 4) to base 2.
100001101111
What is -2388 (base 16) in base 3?
-110110220
-44240 (base 5) to base 10
-3070
Convert -37c6 (base 14) to base 2.
-10011000110010
What is 31240 (base 5) in base 16?
816
What is 2236 (base 14) in base 12?
3520
What is -32700 (base 9) in base 12?
-10690
What is -111010010111 (base 2) in base 13?
-1914
-1403 (base 14) to base 12
-2063
Convert 2198 (base 11) to base 8.
5512
Convert -660 (base 9) to base 10.
-540
-331402 (base 5) to base 11
-8694
Convert b71 (base 16) to base 10.
2929
-1200012101 (base 3) to base 9
-50171
1123 (base 4) to base 3
10101
-102021220 (base 3) to base 6
-102040
-1a511 (base 11) to base 7
-146201
What is 550 (base 10) in base 7?
1414
What is 306 (base 7) in base 13?
ba
What is -587 (base 15) in base 13?
-754
What is 2112102 (base 3) in base 5?
24342
Convert 111332120 (base 4) to base 12.
44108
Convert 12102112 (base 3) to base 14.
1628
What is -1001112110 (base 3) in base 4?
-11011002
3102 (base 10) to base 14
11b8
What is -100010101110 (base 2) in base 11?
-1740
What is -212222 (base 3) in base 9?
-788
What is 881 (base 12) in base 11?
a36
What is -60240 (base 7) in base 10?
-14532
Convert 438 (base 10) to base 4.
12312
What is -110102222 (base 3) in base 13?
-418a
-3944 (base 11) to base 6
-35430
What is -42535 (base 7) in base 2?
-10100101000001
Convert -41716 (base 8) to base 10.
-17358
What is -16431 (base 9) in base 10?
-11287
What is -464 (base 7) in base 6?
-1042
What is -10010103 (base 4) in base 7?
-66366
4b18 (base 14) to base 9
20035
What is -12141 (base 11) in base 12?
-a139
Convert 1645 (base 7) to base 9.
824
Convert -22233 (base 5) to base 13.
-938
Convert -43240 (base 5) to base 15.
-d15
Convert -21637 (base 9) to base 8.
-34043
-b171 (base 12) to base 15
-5a77
4c29 (base 16) to base 10
19497
Convert 368 (base 12) to base 11.
426
20012012 (base 3) to base 13
2093
What is -6101 (base 7) in base 11?
-1647
What is -eb (base 16) in base 2?
-11101011
Convert 1211220 (base 5) to base 4.
11202131
Convert -420423 (base 6) to base 7.
-200463
-100110021 (base 3) to base 6
-51524
Convert 8b7 (base 15) to base 2.
11110110100
Convert 8d58 (base 15) to base 5.
1430013
What is 32403 (base 5) in base 10?
2228
Convert -168 (base 9) to base 4.
-2033
3149 (base 16) to base 3
122022022
What is -47d (base 16) in base 9?
-1516
Convert -f12 (base 16) to base 5.
-110413
What is -9743 (base 10) in base 11?
-7358
What is -254 (base 13) in base 15?
-1c2
-124255 (base 7) to base 10
-23119
What is -101c (base 14) in base 5?
-42040
473 (base 14) to base 7
2403
What is 14547 (base 13) in base 14?
dd25
114 (base 6) to base 15
31
-178b (base 14) to base 10
-4239
1002202202 (base 3) to base 7
120161
Convert -10042 (base 6) to base 4.
-110222
68 (base 11) to base 3
2202
What is -2213031 (base 4) in base 11?
-8049
Convert -5210 (base 7) to base 16.
-71c
-62635 (base 7) to base 4
-3300310
Convert -824 (base 12) to base 10.
-1180
Convert -134101 (base 7) to base 4.
-12031120
What is 2a5e (base 16) in base 3?
112212201
Convert -4158 (base 13) to base 5.
-242110
-1524 (base 7) to base 12
-426
What is -1301012 (base 5) in base 3?
-1021110211
What is -7156 (base 8) in base 14?
-14bc
Convert -12012 (base 4) to base 5.
-3030
Convert 7798 (base 10) to base 13.
371b
Convert -33348 (base 10) to base 3.
-1200202010
What is 10101000110101 (base 2) in base 14?
3d1b
-1c9 (base 13) to base 9
-411
270 (base 8) to base 10
184
-10a (base 13) to base 9
-218
What is -204110 (base 6) in base 12?
-9636
551 (base 9) to base 10
451
Convert -110041 (base 5) to base 3.
-12011200
3223203 (base 4) to base 15
4700
-29c7 (base 14) to base 11
-5642
-48d9 (base 16) to base 10
-18649
1201222 (base 3) to base 12
898
What is 31005 (base 8) in base 13?
5aa0
Convert -37a (base 14) to base 5.
-10241
Convert -2507 (base 12) to base 11.
-3163
104237 (base 8) to base 16
889f
What is 440252 (base 6) in base 8?
107050
What is 13432 (base 5) in base 16?
45d
Convert 1260 (base 7) to base 12.
343
Convert -720c (base 13) to base 2.
-11110101110001
-3516 (base 9) to base 4
-220233
What is -1442 (base 6) in base 10?
-386
-4333 (base 6) to base 2
-1111100001
Convert 864 (base 9) to base 2.
1011000010
What is -22012211 (base 3) in base 2?
-1011101100101
1664 (base 9) to base 15
59d
1334 (base 5) to base 9
263
Convert 24322 (base 5) to base 10.
1837
What is -16885 (base 9) in base 7?
-45665
Convert 6205 (base 7) to base 16.
871
Convert -6b69 (base 13) to base 10.
-15128
-10221 (base 6) to base 2
-10101100101
What is -4328 (base 9) in base 14?
-1237
What is -48738 (base 10) in base 3?
-2110212010
What is -db34 (base 14) in base 12?
-19b02
What is 244 (base 6) in base 12?
84
Convert 1122221 (base 3) to base 2.
10010111101
What is 1131 (base 6) in base 10?
271
Convert 4523 (base 10) to base 4.
1012223
Convert -294 (base 12) to base 13.
-24a
What is -1020200 (base 3) in base 12?
-639
What is -331532 (base 7) in base 3?
-2221212212
Convert -58 (base 10) to base 11.
-53
Convert 83 (base 14) to base 7.
223
What is -120100 (base 3) in base 6?
-1530
Convert -100111111011 (base 2) to base 4.
-213323
201 (base 4) to base 16
21
100011100 (base 2) to base 7
554
Convert -575 (base 11) to base 9.
-843
-96a (base 12) to base 15
-61d
Convert 1658 (base 9) to base 7.
3461
What is -20322 (base 5) in base 2?
-10100111001
What is 4c (base 15) in base 2?
1001000
Convert -432 (base 12) to base 14.
-31c
-171 (base 9) to base 14
-a5
-2011100212 (base 3) to base 8
-123064
c487 (base 15) to base 16
a237
10222 (base 5) to base 15
30c
What is -42c7 (base 16) in base 10?
-17095
What is -8316 (base 12) in base 13?
-6660
What is 1345 (base 11) in base 16?
6cf
-2ba4 (base 12) to base 8
-12054
Convert 251d (base 14) to base 3.
22220120
-1220000222 (base 3) to base 15
-b055
-10220120 (base 4) to base 3
-222000112
Convert 2403 (base 5) to base 12.
255
Convert 63842 (base 10) to base 5.
4020332
Convert 65c (base 15) to base 4.
112131
Convert -4031 (base 12) to base 16.
-1b25
What is 7211 (base 11) in base 5?
301241
Convert -22e8 (base 16) to base 13.
-40b5
Convert 272a5 (base 12) to base 6.
1053525
-85 (base 13) to base 8
-155
What is 148 (base 10) in base 9?
174
-104485 (base 9) to base 16
-f39e
Convert 85c (base 15) to base 5.
30022
Convert -7b5f (base 16) to base 2.
-111101101011111
Convert 759 (base 12) to base 8.
2065
What is 130a6 (base 11) in base 16?
493e
Convert 30045 (base 7) to base 14.
28cc
-1164 (base 8) to base 7
-1555
What is 29c (base 13) in base 15?
212
4828 (base 9) to base 7
13316
Convert -9b (base 16) to base 12.
-10b
-3606 (base 7) to base 15
-5d9
What is 12040 (base 5) in base 3?
1020011
366 (base 7) to base 8
303
1133212 (base 4) to base 12
365a
Convert -502 (base 9) to base 7.
-1121
1544 (base 10) to base 14
7c4
What is -6d0 (base 16) in base 6?
-12024
Convert 30b (base 13) to base 11.
431
-153a (base 12) to base 10
-2494
Convert 285 (base 14) to base 5.
4014
What is 2a23a (base 11) in base 12?
20991
What is 48480 (base 11) in base 9?
115647
What is 45444 (base 7) in base 13?
5343
What is 110001101 (base 2) in base 7?
1105
What is 3886 (base 14) in base 3?
111121100
11 (base 8) to base 12
9
What is -4082 (base 9) in base 5?
-43430
What is 110011101101 (base 2) in base 12?
1ab9
Convert -71e (base 15) to base 16.
-644
What is -1000100010110110 (base 2) in base 12?
-18306
What is -6bc (base 14) in base 11?
-1010
What is -10103101 (base 5) in base 6?
-1430003
Convert -744 (base 11) to base 5.
-12040
What is -a9 (base 16) in base 9?
-207
Convert 28148 (base 12) to base 15.
1169b
12012201 (base 3) to base 11
2944
3213 (base 7) to base 5
14022
Convert 168 (base 12) to base 13.
143
-26d (base 14) to base 10
-489
Convert 1021 (base 7) to base 14.
1b8
-3bb (base 13) to base 10
-661
3320 (base 4) to base 8
370
Convert -21021 (base 4) to base 7.
-1464
Convert -a7b3 (base 12) to base 8.
-43767
Convert -2201133 (base 4) to base 11.
-7846
1146 (base 7) to base 13
26a
353a (base 16) to base 9
20620
What is -235013 (base 7) in base 2?
-1010011000101110
Convert -2404112 (base 5) to base 6.
-541002
40440 (base 5) to base 2
101000111100
What is 32205 (base 6) in base 7?
15551
-1101011001 (base 2) to base 8
-1531
-330212 (base 5) to ba